--
-- Host: localhost    Database: brandsignages
-- ------------------------------------------------------


--
-- Table structure for table `blog_categories`
--

CREATE TABLE `blog_categories` (
  `id` bigint unsigned NOT NULL AUTO_INCREMENT,
  `slug` varchar(255) COLLATE utf8mb4_unicode_ci NOT NULL,
  `name` varchar(255) COLLATE utf8mb4_unicode_ci NOT NULL,
  `description` text COLLATE utf8mb4_unicode_ci,
  `created_at` timestamp NULL DEFAULT NULL,
  `updated_at` timestamp NULL DEFAULT NULL,
  PRIMARY KEY (`id`)
) ENGINE=InnoDB AUTO_INCREMENT=4 DEFAULT CHARSET=utf8mb4 COLLATE=utf8mb4_unicode_ci;

--
-- Dumping data for table `blog_categories`
--

INSERT INTO `blog_categories` VALUES (2,'brand-signages','Brand Signages','Discover tips for designing high-quality signs and maximizing customer engagement.','2025-01-27 12:09:42','2025-01-27 12:09:42'),(3,'signage-designs','Signage Designs','Signage designs blogs explore creative and innovative ways to craft custom signage solutions.','2025-01-28 08:30:39','2025-01-28 08:30:46');

--
-- Table structure for table `blog_sub_categories`
--

CREATE TABLE `blog_sub_categories` (
  `id` bigint unsigned NOT NULL AUTO_INCREMENT,
  `slug` varchar(255) COLLATE utf8mb4_unicode_ci NOT NULL,
  `blog_category_id` bigint unsigned NOT NULL,
  `name` varchar(255) COLLATE utf8mb4_unicode_ci NOT NULL,
  `description` text COLLATE utf8mb4_unicode_ci,
  `created_at` timestamp NULL DEFAULT NULL,
  `updated_at` timestamp NULL DEFAULT NULL,
  PRIMARY KEY (`id`),
  KEY `blog_sub_categories_blog_category_id_foreign` (`blog_category_id`),
  CONSTRAINT `blog_sub_categories_blog_category_id_foreign` FOREIGN KEY (`blog_category_id`) REFERENCES `blog_categories` (`id`) ON DELETE CASCADE
) ENGINE=InnoDB AUTO_INCREMENT=11 DEFAULT CHARSET=utf8mb4 COLLATE=utf8mb4_unicode_ci;

--
-- Dumping data for table `blog_sub_categories`
--

INSERT INTO `blog_sub_categories` VALUES (2,'signages-branding',2,'Signages & Branding','Explore the role of signage in strengthening brand presence and delivering effective communication.','2025-01-27 12:10:59','2025-01-27 12:10:59'),(3,'digital-signages',2,'Digital Signages','Digital Signages provide dynamic, interactive solutions that enhance communication and engagement for businesses in various settings.','2025-01-28 08:29:34','2025-01-28 08:29:34'),(4,'trending-signages',3,'Trending Signages','Trending signage blogs highlight the latest innovations and popular trends in signage design.','2025-01-28 08:31:39','2025-01-28 08:31:39'),(5,'acrylic-signage',2,'Acrylic Signage','Explore the latest insights on acrylic signage boards and plexiglass signs. You can find industry trends and design ideas, and other information through this blog.','2025-01-31 11:35:37','2025-01-31 11:35:37'),(6,'comparison',2,'Comparison','Explore in-depth comparisons of various signage types to help you choose the best solution for your business.','2025-02-06 10:05:57','2025-02-06 10:36:56'),(7,'signages-in-mumbai',2,'Signages in Mumbai','Explore the latest blogs on Signages in Mumbai and know how custom modern signage can transform your space.','2025-03-05 10:06:53','2025-03-05 10:06:53'),(8,'neon-signs',2,'Neon Signs','Discover creative and innovative neon signage ideas to enhance brand visibility and attract customers. Explore trending designs, customization tips, and installation insights for eye-catching neon sign solutions.','2025-03-27 06:38:56','2025-03-27 06:38:56'),(9,'led-sign-boards',2,'LED Sign Boards','LED Sign Boards is a category dedicated to innovative and eye-catching illuminated signage solutions that enhance brand visibility. Explore high-quality, energy-efficient LED signs designed for businesses to attract and engage customers effectively.','2025-03-28 05:12:15','2025-03-28 05:12:15'),(10,'signages-in-chennai',2,'Signages in Chennai','Get the latest insights on the latest trends in signage design and branding in Chennai. Know how Chennai-based businesses can leverage signage and signboards in branding.','2025-04-03 12:06:58','2025-04-03 12:06:58');

--
-- Table structure for table `blogs`
--

CREATE TABLE `blogs` (
  `id` bigint unsigned NOT NULL AUTO_INCREMENT,
  `blog_sub_category_id` bigint unsigned NOT NULL,
  `title` varchar(255) COLLATE utf8mb4_unicode_ci NOT NULL,
  `content` longtext CHARACTER SET utf8mb4 COLLATE utf8mb4_unicode_ci,
  `image` varchar(255) COLLATE utf8mb4_unicode_ci DEFAULT NULL,
  `slug` varchar(255) COLLATE utf8mb4_unicode_ci DEFAULT NULL,
  `topic` varchar(255) COLLATE utf8mb4_unicode_ci DEFAULT NULL,
  `reding_time` varchar(255) COLLATE utf8mb4_unicode_ci DEFAULT NULL,
  `created_at` timestamp NULL DEFAULT NULL,
  `updated_at` timestamp NULL DEFAULT NULL,
  PRIMARY KEY (`id`),
  KEY `blogs_blog_sub_category_id_foreign` (`blog_sub_category_id`),
  CONSTRAINT `blogs_blog_sub_category_id_foreign` FOREIGN KEY (`blog_sub_category_id`) REFERENCES `blog_sub_categories` (`id`) ON DELETE CASCADE
) ENGINE=InnoDB AUTO_INCREMENT=50 DEFAULT CHARSET=utf8mb4 COLLATE=utf8mb4_unicode_ci;

--
-- Dumping data for table `blogs`
--

INSERT INTO `blogs` VALUES (3,2,'How High-Quality Signages Can Drive Foot Traffic to Your Business','<p><span style=\"background-color: transparent; color: rgb(0, 0, 0);\">Signages play an essential part in determining an organization’s identity and alluring customers. Whether it’s a </span><a href=\"https://brandsignages.com/\" rel=\"noopener noreferrer\" target=\"_blank\" style=\"background-color: transparent; color: rgb(0, 0, 0);\"><strong>signboard manufacturer</strong></a><span style=\"background-color: transparent; color: rgb(0, 0, 0);\"> designing spectacular designs or organizations placing </span><strong style=\"background-color: transparent; color: rgb(0, 0, 0);\">digital signage displays</strong><span style=\"background-color: transparent; color: rgb(0, 0, 0);\">, standardized signage can drastically impact foot traffic and sales. A judiciously positioned, well-outlined signage not only makes your business observable but also leaves a permanent impact. Here\'s how high-class signage can uplift your business existence and bring more clients to your doorstep.&nbsp;&nbsp;</span></p><h2><strong style=\"background-color: transparent; color: rgb(0, 0, 0);\">The Influence of High-Class Signages on Business Foot Traffic&nbsp;&nbsp;</strong></h2><p><span style=\"background-color: transparent; color: rgb(0, 0, 0);\">High-class signages are not just embellishments; they are crucial marketing instruments. They cater to the initial stage of contact between your business and probable customers. Here’s how they create a change:&nbsp;&nbsp;</span></p><p><strong style=\"background-color: transparent; color: rgb(0, 0, 0);\">1. Enhanced Visibility</strong></p><p><span style=\"background-color: transparent; color: rgb(0, 0, 0);\">&nbsp;&nbsp;&nbsp;A well-positioned and carefully crafted signage makes sure that your business is observed. Standardized alternatives like </span><a href=\"https://brandsignages.com/arcylic-signages\" rel=\"noopener noreferrer\" target=\"_blank\" style=\"background-color: transparent; color: rgb(0, 0, 0);\"><strong>acrylic sign boards</strong></a><span style=\"background-color: transparent; color: rgb(0, 0, 0);\"> or </span><strong style=\"background-color: transparent; color: rgb(0, 0, 0);\">metal signage boards</strong><span style=\"background-color: transparent; color: rgb(0, 0, 0);\"> are distinct, specifically in a combative atmosphere. Whether it’s on a crowded street or in a silent neighborhood, distinguished signage makes certain your brand doesn’t go ignored.&nbsp;&nbsp;</span></p><p><span style=\"background-color: transparent; color: rgb(0, 0, 0);\">Moreover, lively lighting or exceptional designs can further promote the noticeability of your signage, guaranteeing it seizes awareness even from far away. This augmented observability organically directs to increased foot traffic and wider customer support.&nbsp;&nbsp;</span></p><p><strong style=\"background-color: transparent; color: rgb(0, 0, 0);\">2. Promoted Brand Identity&nbsp;&nbsp;</strong></p><p><span style=\"background-color: transparent; color: rgb(0, 0, 0);\">&nbsp;&nbsp;&nbsp;Signages depict your brand’s character. A polished and advanced </span><strong style=\"background-color: transparent; color: rgb(0, 0, 0);\">LED light sign board</strong><span style=\"background-color: transparent; color: rgb(0, 0, 0);\"> expresses a lot about creativity, while an old-fashioned neon board from proficient </span><a href=\"https://brandsignages.com/neon-signages\" rel=\"noopener noreferrer\" target=\"_blank\" style=\"background-color: transparent; color: rgb(0, 0, 0);\"><strong>neon sign manufacturers</strong></a><span style=\"background-color: transparent; color: rgb(0, 0, 0);\"> can transmit innovation and evocativeness. These visuals assist customers in promptly identifying and linking with your brand.&nbsp;&nbsp;</span></p><p><span style=\"background-color: transparent; color: rgb(0, 0, 0);\">Additionally, a coordinated signage policy throughout locations strengthens brand identity. Whether customers look at a bold storefront or sober navigation signs, the steadiness fortifies brand recall and builds trust.&nbsp;&nbsp;</span></p><p><strong style=\"background-color: transparent; color: rgb(0, 0, 0);\">3. 24/7 Advertising</strong></p><p><span style=\"background-color: transparent; color: rgb(0, 0, 0);\">&nbsp;&nbsp;&nbsp;Not similar to online ads or promotional campaigns, signages toil day and night. A </span><strong style=\"background-color: transparent; color: rgb(0, 0, 0);\">digital signage display</strong><span style=\"background-color: transparent; color: rgb(0, 0, 0);\">, for instance, can operate advertisements, promotions, or proclamations regularly, confirming that your business remains in the eyes of the people around the clock.&nbsp;&nbsp;</span></p><p><span style=\"background-color: transparent; color: rgb(0, 0, 0);\">Even when your outlet is not open, glowing signages or LED displays go on promoting your brand, pretending as a quiet but efficient salesperson. With time, this steady exposure assists in setting up your existence in the minds of probable customers.&nbsp;&nbsp;</span></p><h2><strong style=\"background-color: transparent; color: rgb(0, 0, 0);\">Benefits of High-Quality Signages&nbsp;&nbsp;</strong></h2><p><span style=\"background-color: transparent; color: rgb(0, 0, 0);\">Standardized signages do much more than make your organization observable. Below are a few of their important benefits:&nbsp;&nbsp;</span></p><p><strong style=\"background-color: transparent; color: rgb(0, 0, 0);\">1. Allures Impulse Shoppers</strong></p><ul><li><span style=\"background-color: transparent;\">Involving signage with transparent visuals and messages pulls the awareness of people who weren’t intended to visit before.&nbsp;&nbsp;</span></li><li><span style=\"background-color: transparent;\">Glowing and lively signages, like LED or neon, are specifically efficient in grasping awareness.&nbsp;&nbsp;</span></li></ul><p><span style=\"background-color: transparent; color: rgb(0, 0, 0);\">Instant decisions often arise from visual attraction. By using dynamic signages, your business can appeal to bystanders to discover, finally increasing sales and generating replicated customers.&nbsp;&nbsp;</span></p><p><strong style=\"background-color: transparent; color: rgb(0, 0, 0);\">2. Enhances Credibility&nbsp;&nbsp;</strong></p><ul><li><span style=\"background-color: transparent;\">A competitively designed signage from reliable </span><strong style=\"background-color: transparent;\">sign board manufacturers</strong><span style=\"background-color: transparent;\"> transmits faith and expertise.&nbsp;&nbsp;</span></li><li><span style=\"background-color: transparent;\">Well-planned and high-class boards illustrate favorably on your business, enhancing customer credence.&nbsp;&nbsp;</span></li></ul><p><span style=\"background-color: transparent; color: rgb(0, 0, 0);\">A trustworthy image is significant for organizations. Customers are more likely to rely on and be engrossed with businesses that feature themselves adeptly, and well-structured signages play a critical role in acquiring this.&nbsp;&nbsp;</span></p><p><strong style=\"background-color: transparent; color: rgb(0, 0, 0);\">3. Supports Navigation&nbsp;&nbsp;</strong></p><ul><li><span style=\"background-color: transparent;\">Big and transparent signages make it simpler for customers to find your business in bustling sectors.&nbsp;&nbsp;</span></li><li><span style=\"background-color: transparent;\">Directional signages, like arrows or maps, promote the all-rounded customer experience.&nbsp;&nbsp;</span></li></ul><p><span style=\"background-color: transparent; color: rgb(0, 0, 0);\">Easy steerage minimizes annoyance for probable customers, making more favorable chances that they’ll select your organization leaving your competitors. Navigation signs are particularly beneficial for big premises like shopping malls or complexes.&nbsp;&nbsp;</span></p><p><strong style=\"background-color: transparent; color: rgb(0, 0, 0);\">4. Pulls Brand Recall&nbsp;&nbsp;</strong></p><ul><li><span style=\"background-color: transparent;\">Replicate exposure to your signage improves brand recall.&nbsp;&nbsp;</span></li><li><span style=\"background-color: transparent;\">Exceptional substances, like </span><strong style=\"background-color: transparent;\">acrylic sign boards</strong><span style=\"background-color: transparent;\">, produce a distinguished appearance that catches the eye of the customers.&nbsp;&nbsp;</span></li></ul><p><span style=\"background-color: transparent; color: rgb(0, 0, 0);\">Brand recall guarantees that customers ponder over your business in the beginning when they require a product or service you provide. High-class signage pretends as a visual anchor, connecting customers’ requirements straightaway to your brand.&nbsp;&nbsp;</span></p><h2><strong style=\"background-color: transparent; color: rgb(0, 0, 0);\">Key Types of Signages That Drive Foot Traffic&nbsp;&nbsp;</strong></h2><p><span style=\"background-color: transparent; color: rgb(0, 0, 0);\">Selecting the appropriate signage kind is crucial to enhancing its influence. Here’s a nearer view of some common alternatives:&nbsp;&nbsp;</span></p><p><strong style=\"background-color: transparent; color: rgb(0, 0, 0);\">1. Acrylic Sign Boards&nbsp;</strong></p><p><span style=\"background-color: transparent; color: rgb(0, 0, 0);\">&nbsp;&nbsp;&nbsp;Acrylic is an all-inclusive substance that gives a sleek, competent view. Whether it’s for indoor or outdoor usage, these boards are ideal for enterprises targeting a modern appeal. Their longevity and translucency make them a wonderful selection for congested zones.&nbsp;&nbsp;</span></p><p><strong style=\"background-color: transparent; color: rgb(0, 0, 0);\">2. Metal Signage Boards</strong></p><p><span style=\"background-color: transparent; color: rgb(0, 0, 0);\">&nbsp;&nbsp;&nbsp;Metal signage attaches a superior and ageless attraction. These boards are not only strong but also highly tailorable, making them perfect for luxury brands, restaurants, or corporate offices.&nbsp;&nbsp;</span></p><p><strong style=\"background-color: transparent; color: rgb(0, 0, 0);\">3. Digital Signage Displays</strong></p><p><span style=\"background-color: transparent; color: rgb(0, 0, 0);\">&nbsp;&nbsp;&nbsp;In the digital world, communicative displays are a revolutionary development. These displays permit you to exhibit extensive content such as videos, promotions, or customer reviews, making them highly engrossing for eyewitnesses.&nbsp;&nbsp;</span></p><p><strong style=\"background-color: transparent; color: rgb(0, 0, 0);\">4. Neon Sign Boards&nbsp;</strong><span style=\"background-color: transparent; color: rgb(0, 0, 0);\">&nbsp;</span></p><p><span style=\"background-color: transparent; color: rgb(0, 0, 0);\">&nbsp;&nbsp;&nbsp;If your objective is to induce sentiments or produce a vintage aura, neon signages are the path you should opt for. When crafted by experienced </span><strong style=\"background-color: transparent; color: rgb(0, 0, 0);\">neon sign manufacturers</strong><span style=\"background-color: transparent; color: rgb(0, 0, 0);\">, they can modify your business’s nighttime noticeability.&nbsp;&nbsp;</span></p><p><strong style=\"background-color: transparent; color: rgb(0, 0, 0);\">5. LED Light Sign Boards</strong><span style=\"background-color: transparent; color: rgb(0, 0, 0);\">&nbsp;</span></p><p><span style=\"background-color: transparent; color: rgb(0, 0, 0);\">&nbsp;&nbsp;&nbsp;LED boards are affordable and energy-saving solutions. Their glow and long life cycle make them perfect for businesses that wish to entice attention be it day or night.&nbsp;&nbsp;</span></p><h2><strong style=\"background-color: transparent; color: rgb(0, 0, 0);\">Why Invest in High-Quality Signages&nbsp;&nbsp;</strong></h2><p><span style=\"background-color: transparent; color: rgb(0, 0, 0);\">Funding in high-class signages is an investment in your brand’s fortune. Here’s why:&nbsp;&nbsp;</span></p><ul><li><span style=\"background-color: transparent;\">Long-lasting and Durability: Quality substances make sure that your signages bear environmental confrontations, offering long-run worth for money.&nbsp;&nbsp;</span></li><li><span style=\"background-color: transparent;\">Customer Appeal: With creative designs, your business can become a milestone in the area, pulling both locals and visitors.&nbsp;&nbsp;</span></li><li><span style=\"background-color: transparent;\">Universality: From storefront displays to promotional signs, standardized signages can cater to divergent reasons, ensuring the ultimate return on investment.&nbsp;&nbsp;</span></li></ul><h2><strong style=\"background-color: transparent; color: rgb(0, 0, 0);\">Why Choose Brand Signages for Your Business Needs?&nbsp;&nbsp;</strong></h2><p><span style=\"background-color: transparent; color: rgb(0, 0, 0);\">When it comes to producing influential and high-class signages, </span><a href=\"https://brandsignages.com/neon-signages\" rel=\"noopener noreferrer\" target=\"_blank\" style=\"background-color: transparent; color: rgb(0, 0, 0);\"><strong>Brand Signages</strong></a><span style=\"background-color: transparent; color: rgb(0, 0, 0);\"> is a unique and dependable partner. Here’s why:&nbsp;&nbsp;</span></p><ul><li><strong style=\"background-color: transparent;\">Expert Artistry: </strong><span style=\"background-color: transparent;\">With skillfulness in several substances and trends, </span><strong style=\"background-color: transparent;\">Brand Signage</strong><span style=\"background-color: transparent;\"> confirms that each product satisfied the highest protocols.&nbsp;&nbsp;</span></li><li><strong style=\"background-color: transparent;\">Personalization: </strong><span style=\"background-color: transparent;\">Whether you require a glossy </span><strong style=\"background-color: transparent;\">acrylic sign board</strong><span style=\"background-color: transparent;\"> or a comprehensive </span><strong style=\"background-color: transparent;\">digital signage display</strong><span style=\"background-color: transparent;\">, you’ll get personalized solutions that depict your brand’s exceptionality.&nbsp;&nbsp;</span></li><li><strong style=\"background-color: transparent;\">Multiple Offerings: </strong><span style=\"background-color: transparent;\">From customary to advanced designs, they provide a range of preferences, comprising alternatives from top </span><strong style=\"background-color: transparent;\">signboard manufacturers</strong><span style=\"background-color: transparent;\"> and </span><strong style=\"background-color: transparent;\">neon sign manufacturers</strong><span style=\"background-color: transparent;\">.&nbsp;&nbsp;</span></li><li><strong style=\"background-color: transparent;\">Eco-friendliness: </strong><span style=\"background-color: transparent;\">By utilizing energy-saving solutions like LED, they assist in minimizing your carbon imprints while improving observability.&nbsp;&nbsp;</span></li></ul><h2><strong style=\"background-color: transparent; color: rgb(0, 0, 0);\">Conclusion&nbsp;&nbsp;</strong></h2><p><span style=\"background-color: transparent; color: rgb(0, 0, 0);\">Standardized signages are crucial equipment for pulling foot traffic and boosting business noticeability. Whether you select a trendy </span><a href=\"https://brandsignages.com/metal-signages\" rel=\"noopener noreferrer\" target=\"_blank\" style=\"background-color: transparent; color: rgb(0, 0, 0);\"><strong>metal signage board</strong></a><span style=\"background-color: transparent; color: rgb(0, 0, 0);\"> or a contemporary </span><strong style=\"background-color: transparent; color: rgb(0, 0, 0);\">digital signage display</strong><span style=\"background-color: transparent; color: rgb(0, 0, 0);\">, the ideal selection can improve your brand goodwill and pull customers in.&nbsp;&nbsp;</span></p><p><span style=\"background-color: transparent; color: rgb(0, 0, 0);\">By merging with </span><strong style=\"background-color: transparent; color: rgb(0, 0, 0);\">Brand Signages</strong><span style=\"background-color: transparent; color: rgb(0, 0, 0);\">, you can guarantee that your business achieves the professional edge it requires. With inventive designs, proficient craftsmanship, and a customer-centric perspective, they are your go-to solution for all signage requirements.&nbsp;&nbsp;</span></p><p><span style=\"background-color: transparent; color: rgb(0, 0, 0);\">Take the next measure to uplift your organization. Fund influential signages and watch your customer foundation enlarge.</span></p><h4><br></h4>','blogs/j8PDHFZOGNskfiIda8cvvzlNeU14FXhFZIqvNuvM.webp','how-high-quality-signages-can-drive-foot-traffic-to-your-business','Brand Identity','6','2025-01-27 13:17:03','2025-05-29 12:57:16'),(4,3,'Benefits of Digital Signage for Modern Businesses','<p><span style=\"background-color: transparent; color: rgb(0, 0, 0);\">Digital signage is transforming the way businesses promote. As a powerful electronic medium, it offers unmatched benefits regardless of business type. The digital signage market is expected to grow from $20.1 billion to $29 billion from 2024 to 2029, with a CAGR of 6.3%, according to</span><a href=\"https://www.marketsandmarkets.com/Market-Reports/digital-signage-market-513.html\" rel=\"noopener noreferrer\" target=\"_blank\" style=\"background-color: transparent; color: rgb(0, 0, 0);\"> </a><a href=\"https://www.marketsandmarkets.com/Market-Reports/digital-signage-market-513.html\" rel=\"noopener noreferrer\" target=\"_blank\" style=\"background-color: transparent;\">reports from Markets and Marketers</a><span style=\"background-color: transparent; color: rgb(0, 0, 0);\">. Compared to traditional signage demands, companies are increasingly focusing on employing video walls, billboards, and digital kiosks.&nbsp;</span></p><p><strong style=\"background-color: transparent; color: rgb(0, 0, 0);\">Why is digital signage gaining so much popularity?</strong></p><p><span style=\"background-color: transparent; color: rgb(0, 0, 0);\">Digital signage is gaining popularity due to its ability to attract quick attention. Studies show that digital displays attract 400% more views than static signs, making them the most</span><a href=\"https://brandsignages.com/blogs/trends-in-signage-design-whats-hot-in-2025\" rel=\"noopener noreferrer\" target=\"_blank\" style=\"background-color: transparent; color: rgb(0, 0, 0);\"> </a><span style=\"background-color: transparent; color: rgb(0, 0, 0);\">trending signage in influencing purchase decisions. Their versatility across industries like retail, healthcare, hospitality, and corporate environments further drives adoption, making them a favorable choice among businesses.&nbsp;</span></p><p><strong style=\"background-color: transparent; color: rgb(0, 0, 0);\"><em>Also Read:</em></strong><em style=\"background-color: transparent; color: rgb(0, 0, 0);\"> </em><a href=\"https://brandsignages.com/blogs/trends-in-signage-design-whats-hot-in-2025\" rel=\"noopener noreferrer\" target=\"_blank\" style=\"background-color: transparent; color: rgb(17, 85, 204);\"><strong><em>Latest Trends in Signage Design: What’s Hot in 2025?</em></strong></a></p><h3><strong>Benefits of Digital Signage for Modern Businesses</strong></h3><p>Modern digital signages are designed to grab attention with dynamic content and engaging visuals. While traditional marketing methods fail, digital signage is a must-have addition for modern businesses. From fostering customer engagement and brand recognition to pulling sales and enhancing the overall experience, the advantages are numerous. So, let us dive deep into how you can set your brand apart with digital signage:</p><p><img src=\"data:image/jpeg;base64,[BLOB]\"></p><p><strong style=\"background-color: transparent; color: rgb(0, 0, 0);\">1. Real-Time Content Customization</strong></p><p><span style=\"background-color: transparent; color: rgb(0, 0, 0);\">Digital signage acts as an all-size-fit-for-all signage solution for businesses. You can use it to showcase the latest offers, seasonal sales, important information, brand awareness, showcase social feed, etc. It removes your hassle of investing in traditional print signage and requires less investment in the long run.&nbsp;</span></p><p><span style=\"background-color: transparent; color: rgb(0, 0, 0);\">You can create your own advertisement material in Canva and showcase it to customers with ease. It takes a few hours for you to design an interactive design with available online tools. Once you’re done with the design,n you can directly showcase it through digital signage.&nbsp;</span></p><p><span style=\"background-color: transparent; color: rgb(0, 0, 0);\">You can also go for built-in design tools that come along with the modern digital signage software. Businesses don’t really need to print new banners every season; digital signage is the solution, and it takes little expertise to operate.&nbsp;&nbsp;&nbsp;</span></p><h3><strong style=\"background-color: transparent; color: rgb(0, 0, 0);\">2. Reduced Operational Costs Over Time</strong></h3><p><span style=\"background-color: transparent; color: rgb(0, 0, 0);\">While the upfront costs of setting up digital signage displays may appear high, the long-term financial benefits far outweigh the investment. Traditional printed materials require recurring production and distribution costs, while digital signage eliminates these ongoing expenses. Content can be updated remotely without the need for printing or installing new materials.&nbsp;</span></p><p><span style=\"background-color: transparent; color: rgb(0, 0, 0);\">This not only saves businesses on printing and labor costs but also helps to minimize waste, which aligns with sustainability goals. Moreover, by incorporating automation into the content update process, businesses can save significant time, freeing up resources for other critical tasks.</span></p><h3><strong style=\"background-color: transparent; color: rgb(0, 0, 0);\">3. Future-Proof Marketing Tool</strong></h3><p><span style=\"background-color: transparent; color: rgb(0, 0, 0);\">As technology evolves, businesses need tools that stay relevant and scalable. Digital signage is the ultimate future-proof marketing solution, as it can seamlessly integrate with other emerging technologies such as IoT (Internet of Things), artificial intelligence (AI), and augmented reality (AR).&nbsp;</span></p><p><span style=\"background-color: transparent; color: rgb(0, 0, 0);\">For example, a fashion store could leverage AR-integrated digital signage that allows customers to try on clothes virtually before making a purchase. This adaptability ensures that businesses investing in digital signage today won’t have to worry about obsolescence and can stay ahead in a constantly evolving digital marketing landscape.</span></p><h3><strong style=\"background-color: transparent; color: rgb(0, 0, 0);\">4. Seamless Integration with Multi-Channel Campaigns</strong></h3><p><span style=\"background-color: transparent; color: rgb(0, 0, 0);\">In an era of omnichannel marketing, integrating digital signage with other online and offline campaigns is critical. It enables businesses to synchronize their digital signage content with their social media feeds, email marketing campaigns, or website promotions.&nbsp;</span></p><p><span style=\"background-color: transparent; color: rgb(0, 0, 0);\">For example, a restaurant chain can display its latest Instagram posts, highlighting customers enjoying their food, or showcase real-time reviews from</span><a href=\"https://www.google.com/\" rel=\"noopener noreferrer\" target=\"_blank\" style=\"background-color: transparent; color: rgb(0, 0, 0);\"> Google</a><span style=\"background-color: transparent; color: rgb(0, 0, 0);\"> on digital displays. This holistic approach to marketing makes the customer experience seamless, ensuring that your message reaches them through multiple touchpoints, reinforcing brand recall.</span></p><h3><strong style=\"background-color: transparent; color: rgb(0, 0, 0);\">5. Interactive Touchpoints to Enhance Customer Experience</strong></h3><p><span style=\"background-color: transparent; color: rgb(0, 0, 0);\">Unlike traditional signage, interactive digital displays transform passive advertising into active customer engagement. Customers can interact with the touchscreen displays, navigate through digital menus, browse product catalogs, or even make purchases directly from the sign.&nbsp;</span></p><p><span style=\"background-color: transparent; color: rgb(0, 0, 0);\">For example, a retail store can offer a virtual shopping experience where customers can use the touchpoints to view product details, check stock availability, or scan QR codes for promotions. This type of interactivity fosters a deeper connection with the brand and encourages customers to spend more time in-store, which increases conversion rates.</span></p><h3><strong style=\"background-color: transparent; color: rgb(0, 0, 0);\">6. Boosting In-Store Foot Traffic</strong></h3><p><span style=\"background-color: transparent; color: rgb(0, 0, 0);\">Digital signage is a powerful tool for driving foot traffic, especially when combined with dynamic, high-impact visuals. Retailers, in particular, can use LED sign boards, digital menu boards, or video walls to grab attention and entice customers to enter the store. This dynamic content is more likely to engage potential customers than static signs, and it can be tailored to reflect time-sensitive promotions or events.&nbsp;</span></p><p><span style=\"background-color: transparent; color: rgb(0, 0, 0);\">For instance, a clothing store can showcase sales and limited-time offers on a video wall to attract shoppers who are nearby, creating a sense of urgency to visit the store.</span></p><h3><strong style=\"background-color: transparent; color: rgb(0, 0, 0);\">How to Maximize the Benefits of Digital Signage?&nbsp;&nbsp;</strong></h3><p><span style=\"background-color: transparent; color: rgb(0, 0, 0);\">To use the best digital signage, it’s crucial to select the appropriate partner and execute a well-planned scheme. Think about the following clues:&nbsp;&nbsp;</span></p><ul><li><span style=\"background-color: transparent;\">Content is Primary: Focus on high-class, engaging, and applicable content customized to your focused audience.&nbsp;&nbsp;</span></li><li><span style=\"background-color: transparent;\">Periodic Updates: Keep your signage crisp with periodic updates to retain customer interest.&nbsp;&nbsp;</span></li><li><span style=\"background-color: transparent;\">Data-Driven Perspective: Use analytics to understand customer behavior and tailor your digital signage content accordingly.&nbsp;</span></li><li><span style=\"background-color: transparent;\">Proper Placement: Position digital signage in high-visibility areas to maximize audience reach and impact.&nbsp;&nbsp;</span></li></ul><p><span style=\"background-color: transparent; color: rgb(0, 0, 0);\">From hardware choice to content management systems, an expert</span><a href=\"https://brandsignages.com/digital-signage-company-bangalore\" rel=\"noopener noreferrer\" target=\"_blank\" style=\"background-color: transparent; color: rgb(0, 0, 0);\"> digital signage company</a><span style=\"background-color: transparent; color: rgb(0, 0, 0);\"> can support businesses in making deliberate decisions.&nbsp;&nbsp;</span></p><h3><strong style=\"background-color: transparent; color: rgb(0, 0, 0);\">Conclusion&nbsp;</strong></h3><p><span style=\"background-color: transparent; color: rgb(0, 0, 0);\">As the digital environment remains emerging, the businesses that adjust will flourish. Digital signage features a future-proof investment that improves interaction, uplifts marketing endeavors, and renders unique customer experiences.&nbsp;</span></p><p><br></p><h4><br></h4>','blogs/e3h3a3oxaFYNxuHcyH18jnTtIbu7FkaAWEUAcPpR.png','5-benefits-of-digital-signage-for-modern-businesses','Digital Signages','3','2025-01-28 09:00:17','2025-06-26 10:03:31'),(5,4,'Latest Trends in Signage Design: What’s Hot in 2025?','<p><span style=\"background-color: transparent; color: rgb(0, 0, 0);\">Signages have emerged as one of the most effective branding elements in the past few years. As we are in the middle of 2025, we need to have a clear understanding of the latest signage trends that are shaping the industry.&nbsp;</span></p><p><a href=\"https://brandsignages.com/\" rel=\"noopener noreferrer\" target=\"_blank\" style=\"background-color: transparent; color: rgb(0, 0, 0);\"><strong>Brand Signages</strong></a><span style=\"background-color: transparent; color: rgb(0, 0, 0);\"> has been an industry leader adapting to modern signage design trends. Working with the top brands for over 10 years, we are looking a big shift in demands for digital signage and LED sign boards. We have been a part of many latest events and exhibitions this year like the </span><a href=\"https://buysellint.com/eventmore.php?sno=62\" rel=\"noopener noreferrer\" target=\"_blank\" style=\"background-color: transparent; color: rgb(0, 0, 0);\"><strong>South Sign Expo 2025 (Bengaluru)</strong></a><span style=\"background-color: transparent; color: rgb(0, 0, 0);\">, </span><strong style=\"background-color: transparent; color: rgb(0, 0, 0);\">Sign India Chennai 2025</strong><span style=\"background-color: transparent; color: rgb(0, 0, 0);\"> and have gained significant knowledge about industry insights.&nbsp;</span></p><p><span style=\"background-color: transparent; color: rgb(0, 0, 0);\">We know that adopting the latest signage trends can help position a business better in the physical market. And from the knowledge we have gained, digital signage and LED signage is the trendsetter for the upcoming days.&nbsp; </span></p><h3><strong style=\"background-color: transparent; color: rgb(0, 0, 0);\">Modern Signage Design Trends- Shaping the Future of the Industry</strong></h3><p><span style=\"background-color: transparent; color: rgb(0, 0, 0);\">Digital signage &amp; LED sign board&nbsp; is on the rise and as per the latest reports and researches in the industry. According to a report by Mordor Intelligence, the </span><a href=\"https://www.mordorintelligence.com/industry-reports/digital-signage-market-industry\" rel=\"noopener noreferrer\" target=\"_blank\" style=\"background-color: transparent; color: rgb(17, 85, 204);\"><strong>worldwide digital signage market is USD 27.66</strong> <strong>billion in 2025</strong></a><span style=\"background-color: transparent; color: rgb(0, 0, 0);\">, and is expected to reach USD 41.41 billion by 2030, driven by demand across various industries.&nbsp;</span></p><p><img src=\"data:image/jpeg;base64,[BLOB]\"></p><p><span style=\"background-color: transparent; color: rgb(0, 0, 0);\">Following the industry trends we are putting more efforts in designing the best digital signages considering the needs of industries in India. Here are some of the potential reasons behind the surge in digital signage demands:</span></p><p><strong style=\"background-color: transparent; color: rgb(0, 0, 0);\">Wide Range of Application: </strong><span style=\"background-color: transparent; color: rgb(0, 0, 0);\">Digital signage has significant demand in most of the industries like corporate, healthcare, retail, and hospitality. This also works as a center of attraction for customers boosting engagement and purchase. This is leading to the market expansion by setting modern signage trends 2025.&nbsp;</span></p><p><strong style=\"background-color: transparent; color: rgb(0, 0, 0);\">Technology Evolution</strong><span style=\"background-color: transparent; color: rgb(0, 0, 0);\">: Technology is evolving rapidly and digital displays are not behind in the race.We see affordable OLED displays are being used in modern signages along with AI-led content delivery in digital signages. Now we are using 4K displays in digital signages to fill the demands of highly interactive displays.&nbsp;&nbsp;</span></p><p><strong style=\"background-color: transparent; color: rgb(0, 0, 0);\">Effective Communication: </strong><span style=\"background-color: transparent; color: rgb(0, 0, 0);\">Digital signages attract customers by delivering dynamic content and leading to better engagement. Digital signage is pushing the boundaries with excellent customer experience and businesses find it useful to showcase their promotional content swiftly and change it based on requirements.</span></p><h3><strong style=\"background-color: transparent; color: rgb(0, 0, 0);\">Digital Signages- More Capable Branding Element</strong></h3><p><span style=\"background-color: transparent; color: rgb(0, 0, 0);\">Digital signage is not just a modernity; it’s a prerequisite. Organizations are combining modern technology to generate communicative experiences for customers.&nbsp;&nbsp;</span></p><ul><li><strong style=\"background-color: transparent;\">Touchscreens and Motion Sensors:</strong><span style=\"background-color: transparent;\"> Touchscreen displays and motion-sensor technologies permit users to communicate straight away with the signage.&nbsp;&nbsp;</span></li><li><strong style=\"background-color: transparent;\">Augmented Reality (AR):</strong><span style=\"background-color: transparent;\"> AR-enabled signage provides mesmerizing experiences, sanctioning customers to imagine products or places in a more comprehensive manner.&nbsp;&nbsp;</span></li><li><strong style=\"background-color: transparent;\">Gamification:</strong><span style=\"background-color: transparent;\"> Communicative signage with gamified components augments customer engagement and offers an unforgettable experience.&nbsp;&nbsp;</span></li></ul><p><span style=\"background-color: transparent; color: rgb(0, 0, 0);\">modern signage trends not only foster engagement but also assist enterprises in accumulating the right strategy for future marketing schemes. This fad is perfect for improving customer experiences throughout the retail, hospitality, and entertainment industries. </span></p><h3><strong style=\"background-color: transparent; color: rgb(0, 0, 0);\">Other Trends That are Driving The Industry</strong></h3><p><img src=\"data:image/jpeg;base64,[BLOB]